at is -2a6e + -7cc?
-334b
In base 11, what is -831a0a8 + 9?
-831a09a
In base 7, what is -652 + 12460321?
12456336
In base 6, what is 2203532 - -4202?
2212134
In base 11, what is -1 - -23474a2?
23474a1
In base 12, what is 4b09 + -2a3?
4826
In base 13, what is -1899c - -8a?
-18912
In base 7, what is -61623 - 111103?
-203026
In base 6, what is 22 - 134015050?
-134015024
In base 9, what is 146248 - 2010?
144238
In base 6, what is 312 - -2151030?
2151342
In base 4, what is 1000132223 - 10110?
1000122113
In base 12, what is 909 + -185876?
-184b69
In base 15, what is acd7 + 0?
acd7
In base 14, what is 1b1 + -12410?
-1223d
In base 4, what is 10233 - 112022313?
-112012020
In base 7, what is 5 - 33640634?
-33640626
In base 5, what is 210 - -1432000412?
1432001122
In base 13, what is -22a123 + 4?
-22a11c
In base 11, what is 2911103 - 8?
29110a6
In base 6, what is 21113211 + 23?
21113234
In base 10, what is -3 - 2119481?
-2119484
In base 15, what is -83a6 + 9995?
15de
In base 11, what is 9 + -6130a31?
-6130a23
In base 12, what is -4 + a3319b0?
a3319a8
In base 14, what is -4dbb808 + 16?
-4dbb7d2
In base 10, what is 133529 + 248?
133777
In base 7, what is -14212515265 - -5?
-14212515260
In base 9, what is -4 + 7130775?
7130771
In base 8, what is -3576776255 - -1?
-3576776254
In base 16, what is -c3c5fad - 2?
-c3c5faf
In base 11, what is 6777 + 45715?
51391
In base 5, what is -1 + -4111001022?
-4111001023
In base 6, what is -4442425021 + -4?
-4442425025
In base 7, what is -4 + -220024250?
-220024254
In base 15, what is -862 + 3833?
2ec1
In base 12, what is -5 + -55887b4?
-55887b9
In base 9, what is 16284157 - 2?
16284155
In base 16, what is 1222b2 - cf?
1221e3
In base 6, what is -1554151143 - 0?
-1554151143
In base 5, what is -10 + 101211210042?
101211210032
In base 5, what is -133113 - 104043?
-242211
In base 13, what is b + bc93c29?
bc93c37
In base 4, what is -1120203033 + 23?
-1120203010
In base 16, what is -2ff1 - 1deb?
-4ddc
In base 9, what is 0 + -5773386?
-5773386
In base 3, what is -201201 - -1020102210012?
1020102001111
In base 7, what is -1106533 + -4251?
-1114114
In base 10, what is -9 + 57147?
57138
In base 11, what is -2213 + 5a112?
579aa
In base 12, what is -885002 - 2?
-885004
In base 3, what is -12122 + 1010121?
220222
In base 3, what is -1000101001 + -1202022?
-1002010100
In base 8, what is -41312471 + 4?
-41312465
In base 8, what is -1017165 + -152?
-1017337
In base 14, what is -5 - 774420c?
-7744213
In base 10, what is 5 + -500190?
-500185
In base 3, what is 10 + -20012221120122120?
-20012221120122110
In base 11, what is 871 + -99600?
-9883a
In base 16, what is 52eb51 - -4?
52eb55
In base 15, what is -52d58 - -6be?
-52689
In base 12, what is -3182b + -260?
-31a8b
In base 7, what is 15444 - 334623?
-316146
In base 6, what is 11021114450 + 3?
11021114453
In base 5, what is 14 - -1022003422?
1022003441
In base 12, what is -5a - -b747?
b6a9
In base 3, what is -1002 + -2222120110010?
-2222120111012
In base 2, what is -100 + -111000101010110010011100?
-111000101010110010100000
In base 11, what is 2343 + -1057?
1297
In base 6, what is 11540144 - -4?
11540152
In base 16, what is 33c638 - -16?
33c64e
In base 8, what is -3 - 50737710?
-50737713
In base 6, what is -530441 + -5524?
-540405
In base 14, what is -58dc2 + 2c?
-58d94
In base 5, what is -4 + 20041101213?
20041101204
In base 10, what is 2386005 + 37?
2386042
In base 16, what is -6f1 + ac45?
a554
In base 3, what is 11022112 + -22210012?
-11110200
In base 4, what is 21300321332 - 12?
21300321320
In base 8, what is 341 + -202412?
-202051
In base 11, what is 4 - -21842377?
21842380
In base 5, what is 212 + -200440302?
-200440040
In base 3, what is 10 - 1011222111000?
-1011222110220
In base 11, what is a6a731 + 1?
a6a732
In base 10, what is -13908 + -7861?
-21769
In base 13, what is -b343492 - 5?
-b343497
In base 8, what is -100645041 - 0?
-100645041
In base 6, what is -30231 - 40024?
-110255
In base 10, what is 9358199 - 5?
9358194
In base 2, what is 110110111100011111110101011 + 111?
110110111100011111110110010
In base 7, what is 63 - 13463635?
-13463542
In base 5, what is -1 + 10132141041?
10132141040
In base 4, what is -1132300 - -323032021?
321233121
In base 14, what is -4 + 222a94?
222a90
In base 15, what is -6de623 + -6?
-6de629
In base 12, what is -25b390 + 7?
-25b385
In base 16, what is -48b + 11e6d?
119e2
In base 5, what is -11231 - 40314403?
-40331134
In base 14, what is b9 + 415c61?
415d3a
In base 11, what is -126a00 - 1?
-126a01
In base 14, what is 130bda4 - 17?
130bd8b
In base 3, what is 12211020 - -101?
12211121
In base 5, what is 4 - 13011212344?
-13011212340
In base 9, what is -105 + -34362?
-34467
In base 5, what is 102401421 - -1?
102401422
In base 12, what is -361 - -46850?
464ab
In base 3, what is -201022122 + 100010?
-200222112
In base 6, what is 2 - 201112534?
-201112532
In base 13, what is 8c178 - -10b?
8c286
In base 4, what is 3 - 32321332231?
-32321332222
In base 13, what is 1012769 + -2?
1012767
In base 14, what is 48 - 2b501a?
-2b4db2
In base 3, what is -12 + -1121111201120?
-1121111201202
In base 8, what is -111 - 121030?
-121141
In base 11, what is 72 + -34880?
-34809
In base 10, what is 1129 + -26136?
-25007
In base 10, what is -17 + 1463641?
1463624
In base 7, what is 364 + -321130?
-320433
In base 10, what is 22941926 + 3?
22941929
In base 13, what is -20a - -10654?
10447
In base 4, what is -10 + -1100030331133?
-1100030331203
In base 15, what is -507 - -68a9?
63a2
In base 8, what is -44640 - 360?
-45220
In base 3, what is -11120120212200200 - -1?
-11120120212200122
In base 3, what is 121 - 121111210111?
-121111202220
In base 10, what is -5 - 845515?
-845520
In base 5, what is -102 + -400100?
-400202
In base 16, what is 3c - 1aaba2?
-1aab66
In base 10, what is 0 + 539747?
539747
In base 3, what is -12122202211 - 1000?
-12122210211
In base 13, what is -68b - 2484?
-2b42
In base 3, what is 12120011 - -11122?
12201210
In base 6, what is 3033 + 4514320?
4521353
In base 6, what is 1322 - 354315?
-352553
In base 9, what is -4454 + 1447?
-3006
In base 3, what is -12012002111112 + -11100?
-12012002122212
In base 15, what is 362209e + -19?
3622085
In base 4, what is -1 + 10002112010012?
10002112010011
In base 8, what is 2 + -1020744?
-1020742
In base 13, what is -11431739 + 3?
-11431736
In base 15, what is -1e17a - 7ed?
-1e978
In base 5, what is 3321130243 + -3?
3321130240
In base 16, what is -30 + -1dc59?
-1dc89
In base 4, what is -12031213 - 1130?
-12033003
In base 5, what is 13334 - 13331240?
-13312401
In base 12, what is 4 + a615921?
a615925
In base 12, what is -178b + -300?
-1a8b
In base 8, what is 310540 - -54?
310614
In base 14, what is 1c375b + c?
1c3769
In base 10, what is -309 - 28059?
-28368
In base 11, what is -1 + -5549151a?
-55491520
In base 16, what is 5 + 1d59d8a?
1d59d8f
In base 4, what is -331 + -1001122031?
-1001123022
In base 16, what is -49c08 - -34?
-49bd4
In base 7, what is 611346 + 162?
611541
In base 8, what is -53 - -12027?
11754
In base 2, what is -110100000001 + -1110010011100?
-10100110011101
In base 2, what is 1010110110010101010 - -1010100?
1010110110011111110
In base 9, what is 516004 - -371?
516375
In base 8, what is -213652 - 327?
-214201
In base 10, what is 273029 + -44?
272985
In base 15, what is 69a964 + -19?
69a94a
In base 3, what is 110 - 1220212211121120?
-1220212211121010
In base 14, what is 7 + -1532832?
-1532829
In base 13, what is 93 - -63c8?
648b
In base 10, what is -232421 - -1510?
-230911
In base 12, what is 1a585 - 242?
1a343
In base 4, what is -1210 - -3130200?
3122330
In base 15, what is -1b - -d755dc?
d755c1
In base 15, what is 6 - 3421c3?
-3421bc
In base 9, what is 64444 + -102?
64342
In base 9, what is 27352737 + 6?
27352744
In base 3, what is 1212202 - 22100201022?
-22021211120
In base 6, what is 213 - 252330045?
-252325432
In base 4, what is -23321113022030 + 10?
-23321113022020
In base 10, what is 72663 - -295?
72958
In base 12, what is -3 - ab3457?
-ab345a
In base 4, what is -3320223221221 + 1?
-3320223221220
In base 3, what is 211211021021 - -11?
211211021102
In base 6, what is 3 - -22015020252?
22015020255
In base 13, what is 18b6ac - 30?
18b67c
In base 15, what is -6c43 - eb?
-6d3e
In base 3, what is 21210101